8. Is k composite?
True
Let j(m) = -m**3 - 3*m**2 + 3*m - 2. Let r be j(-4). Suppose -5*y - 5*z - 1 = -26, 3*y - 2*z = -5. Is y/r + (-531)/(-6) composite?
False
Is 3 - 1 - (-1 + -52) a composite number?
True
Suppose 0 = -4*o + 3*v + 3, -2*o = -5*o - 2*v - 2. Let s = 2 + o. Is ((-1)/s)/(1/(-70)) a prime number?
False
Suppose 5*w + 2*a = -3*a + 2420, w - 478 = a. Is w prime?
False
Let u(c) = -c**3 + 4*c**2 - 2*c. Let v be u(3). Suppose -v*b + 205 = -i, -2*b + 128 = -0*b - 5*i. Is b a composite number?
True
Suppose a - 3*u = 50, 6*a - 200 = 2*a + 4*u. Let y = 87 - a. Is y a composite number?
False
Let d(k) = -1237*k**2. Let b(r) = 309*r**2. Let o(x) = 9*b(x) + 2*d(x). Is o(1) composite?
False
Suppose 0 = 3*r + 7 + 23. Let b(t) = -13*t - 11. Let g be b(r). Suppose -2*z + g = -z. Is z a composite number?
True
Let n be 0 - 2 - (2 + 0). Let x(b) = 8*b + 12. Let d(l) = 4*l + 6. Let u(a) = 11*d(a) - 6*x(a). Is u(n) composite?
True
Let u(w) = 20*w**3 + 47*w**2 + 19*w + 6. Let g(a) = -7*a**3 - 16*a**2 - 6*a - 2. Let v(o) = -17*g(o) - 6*u(o). Is v(-9) prime?
False
Let s = 6 + -16. Let h be s/(-4)*24/15. Suppose -h*z = -0*z - 308. Is z composite?
True
Let a be (-1 + -3)*2/(-8). Is 1 + 2 + 206/a a prime number?
False
Suppose 0*f + 897 = 4*f - 5*m, 4*m = 4*f - 896. Is f composite?
False
Let h(u) = u**3 + 2*u**2 - 2*u - 1. Let b be h(-2). Let g(r) = 10*r**2 + r - 4. Is g(b) a composite number?
False
Suppose -5*x = 40 + 95. Let q = x + 78. Is q prime?
False
Let s be (-91)/(-6) - 3/18. Let h = s + -10. Suppose -h*c + 4*c + 11 = 0. Is c a prime number?
True
Suppose -5 - 1 = -3*n. Suppose -n*j + 5*j - 669 = 0. Is j a composite number?
False
Let d = 75 + 56. Is d prime?
True
Suppose 0 = -4*p - f - 23, -p + 25 = -6*p - 5*f. Let s be (-670)/(3*4/p). Let a = 568 - s. Is a prime?
True
Is 62*(-3)/(-2)*(-52)/(-12) a composite number?
True
Let n = 2598 + -1759. Suppose -54 = 5*y - n. Is y a prime number?
True
Let q be (-4)/8 + 7/2. Suppose -q*g = -229 - 8. Is g a composite number?
False
Suppose 0 = -3*z - z + 2*u + 26, 7 = -z - 4*u. Suppose 269 = -z*m + 9. Let o = m + 137. Is o a composite number?
True
Suppose -5*o + o + 2316 = 0. Let b = -392 + o. Is b a composite number?
True
Let r(u) = -u**2 - 9*u + 12. Let b be r(-10). Let s = b - -31. Is s a prime number?
False
Suppose 4*o - 1704 = -4*r, -r - 224 - 613 = -2*o. Suppose 0 = -2*x - 15 + o. Is x composite?
True
Let j be (-3)/(-3)*(6 - 1). Is (37/2)/(j/10) composite?
False
Let c be (1 + 0)*(-6)/(-1). Is c*2*27/36 a composite number?
True
Let z(k) = -k**3 + 4*k**2 + 6*k - 3. Let f be z(5). Is (2 + 1122/4)*f prime?
False
Suppose 3*d - 4 - 5 = 0. Suppose 4 = 4*w, -d*n - 2*n + 113 = -2*w. Is n a prime number?
True
Let i be -18*(-3)/12*2. Let a(w) = -w**2 + 11*w - 11. Is a(i) a prime number?
True
Suppose 2*t - 1681 = -3*d, -d - 2*t = 4*d - 2795. Is d a prime number?
True
Suppose 767 = -4*r + 3307. Is r a composite number?
True
Let u = -752 - -508. Is u/(-5) + (-4)/(-20) a prime number?
False
Suppose 3*v = -4*m + 7*m - 282, m + 4*v = 69. Is m a composite number?
False
Is (9897/6)/(-3 - 21/(-6)) composite?
False
Let s = -3 + 3. Suppose -m + 2*n + s = -2, -2 = -m + 3*n. Suppose -z - 4 = -m*p + 2, p + 4*z = -6. Is p composite?
False
Suppose -3*x + 4*h = 502 - 2913, 3*x + h = 2431. Is x a composite number?
False
Suppose 2*k - 2933 = -5*c, 0 = -2*k - 0*k - 2. Is c a composite number?
False
Suppose -5*p + 4*p + 377 = 0. Is p a composite number?
True
Let g = 31 - -3. Is g a composite number?
True
Suppose -79*q - 2213 = -80*q. Is q a composite number?
False
Is ((-2)/1)/((-3)/(171486/12)) a composite number?
True
Suppose 5*k = 2*o + 12, 0 = -2*k + k + o. Suppose -k*d - 11 = 5*p, 5*d + 7 = -p + 3*d. Is p + -1 + 4 + 21 a composite number?
True
Let y(a) be the third derivative of a**5/30 + a**4/2 - 2*a**3 + a**2. Let c be y(9). Is (c + -1)*(5 - 4) composite?
False
Let j(t) = t - 18. Let h be j(15). Is h/(-12) - 2675/(-20) a composite number?
True
Let z be (0 - -2 - -1) + 494. Let x = z + -310. Is x prime?
False
Let o(m) = -m**3 - m + 0 + 6*m**2 + 8*m + 3 + 1. Is o(7) a composite number?
True
Let d(n) = 16*n - 41. Is d(10) prime?
False
Let y = 657 + -1051. Let d = 1 - y. Is d a prime number?
False
Let i = -1588 - -3365. Is i composite?
False
Suppose -2*o + 4*o = 182. Is o prime?
False
Let a(z) = 25*z - 9. Let s(i) = -i**2 + 6*i - 3. Let r = -1 + 4. Let l be s(r). Is a(l) a composite number?
True
Suppose 2*b - 94 = 700. Is b a prime number?
True
Suppose 0 = -4*j, -2*k - 4*j = -j - 48. Let h be (k/(-15))/(1/(-5)). Let o(z) = 6*z + 5. Is o(h) a composite number?
False
Let r be (4 - 1)/(2/6). Suppose 0 = 3*h - h - 5*y + 39, -5*y = 4*h + 123. Is 29/r + 6/h a composite number?
False
Suppose 2*v = -3*v. Suppose n = -v*n + 3, w - 100 = -n. Is w a prime number?
True
Suppose -14*j + 6*j = -3784. Is j composite?
True
Suppose 49 = -2*b + 3*b. Let w = b + -16. Is w composite?
True
Suppose 0 = 5*m - 0*m - 105. Let r = m + -13. Let c(o) = 3*o**2 - o + 7. Is c(r) composite?
False
Suppose 2*f + 2*x - 3*x - 379 = 0, 0 = -4*f + 5*x + 749. Is f a composite number?
False
Let a = 216 + -470. Is a/(4*(-4)/8) prime?
True
Suppose -z = -33 - 112. Is z a composite number?
True
Let f be (-2)/(-6) + (-78)/(-9). Suppose -5*x - 3 = 4*r - 32, -x = 4*r - f. Suppose x*z - 4*z - 55 = 0. Is z prime?
False
Suppose 0 = -t + 2*f + 1, -2 - 9 = -2*t - 5*f. Let v be 22/8 + t/12. Suppose 74 - 5 = v*r. Is r prime?
True
Let y(d) = -1 + d - d**3 + 4 + 0*d. Let i be y(5). Let u = -70 - i. Is u prime?
True
Suppose z - 1387 = -5*h, 2*h = z + 216 + 336. Is h a prime number?
True
Let k be 6/(9/3) - 263. Let b = 424 + k. Suppose -p + b = 2*p - s, p = 3*s + 49. Is p composite?
True
Let f be 1/((-1 + 3)/134). Let h = 2 + f. Is 2/6*h/1 a prime number?
True
Suppose 38392 - 384 = 8*c. Is c a prime number?
True
Suppose -368 = -8*c + 648. Is c composite?
False
Suppose -p - 4*p + 20 = 0. Suppose -3*x = -3*y - 78, -41 = p*x - y - 160. Is x a prime number?
True
Suppose -2*o + 3*o = -3, 0 = a - 4*o - 199. Is a prime?
False
Let v(z) = -2*z. Let l be v(3). Let o = -4 - l. Suppose t - 62 = -o*y + 4*t, -90 = -2*y - 4*t. Is y prime?
True
Let m(x) = -x**3 - x**2 - 5*x - 2. Let j be m(-6). Let c = j + -119. Is c a composite number?
False
Let f(w) = 6*w**3 - 6*w**2 + 12*w - 13. Is f(9) prime?
False
Let d(l) = -2*l**3 - 2*l**2 + 3*l + 2. Let a be d(-4). Suppose -100 = -3*h + 17. Let x = a - h. Is x a prime number?
True
Let d be 0 + (4 - 3)*2. Is ((-586)/d + 0)/(-1) a composite number?
False
Suppose -2*g + 405 = -191. Suppose -g = -2*b - h, 4*b = h + 717 - 127. Let i = b - 93. Is i prime?
False
Suppose -3*j = -0*j - 159. Is j a prime number?
True
Let c = 3 + -3. Suppose 4*p + c*p = 316. Is p prime?
True
Let q = 1 - -82. Is q prime?
True
Suppose -i - m = m + 2, -30 = i - 5*m. Let t = i - -14. Suppose -t = -4*x + 8. Is x a composite number?
False
Let z(t) = -5*t**3 + 2*t**2 + 3*t - 1. Is z(-4) prime?
False
Suppose -2*k + 4109 = 5*k. Is k prime?
True
Suppose 5 = 4*c - 3*y, -3*c - 2*y + 10 = 2. Let n(f) = 26*f**3 - 2*f**2 + 1. Is n(c) a composite number?
True
Let d(t) = t**2 + 12*t + 8. Let k be d(-11). Is -1 + 3 + (-279)/k a composite number?
True
Suppose 0 = -2*u - 0*u + 156. Let y = 135 - u. Is y a prime number?
False
Let h(p) = p**3 - 10*p**2 + p - 10. Let j be h(10). Is j - (-67 + -2 + 0) a prime number?
False
Suppose -4*l - 8768 = -4*x, -2*x - 5*l = -1460 - 2945. Is x prime?
False
Suppose -p = 1 + 2. Is (132 - 1)*p/(-3) a composite number?
False
Let g(y) = -42*y - 7. Is g(-10) composite?
True
Let k(c) = 71*c**2 + 2*c - 4. Is k(3) a composite number?
False
Let l = 2301 + -1558. Is l a composite number?
False
Suppose 9*i + 4*t + 1 = 4*i, 4*i = 2*t + 20. Let l = 1 - 1. Let q = l + i. Is q prime?
True
Let x(w) = -6*w - 2. Let c be x(-2). Suppose c = 2*l - 4*l, 45 = 5*g + 5*l. Is g prime?
False
Let o(s) = -s**3 - 7*s**2 - 10*s - 10. Suppose v = -0 - 8. Is o(v) composite?
True
Suppose 4*d + 7223 + 790 = 5*l, 5*d = -10. Is l composite?
False
Let z = 995 + -408. Is z composite?
False
Let k(j) = -11*j + 3. Let q(p) = -p**2 + 6*p + 3. Let z be q(7). Is k(z) composite?
False
Let r(n) = -n**2 - 4*n + 5. Let a be r(-5). Suppose 939 = 4*j - 3*f, 4*j - 5*f - 843 - 90 = a. Is j prime?
False
Suppose 2*c - 16 = 4*c. Let s